(-1).
12
Suppose 0 = 170*n + 125*n - 57915 - 663065. What is the remainder when n is divided by 116?
8
Calculate the remainder when 681 is divided by (-87)/(0 + -1)*(248/(-24) + 11).
43
Let r(l) = 75*l**3 - 16 + 74*l**3 + l + 4*l - 2*l - 154*l**3 + 28*l**2. Calculate the remainder when r(5) is divided by 19.
17
Let q = -18434 - -18700. Calculate the remainder when q is divided by 244.
22
Suppose -m + 0*p - 5*p - 38 = 0, 0 = 5*m - 2*p + 244. Calculate the remainder when 24/m + (2 - (-74)/4) is divided by 11.
9
Let d(z) = -z**3 - 34*z**2 - 89*z - 36. Let v be d(-34). Suppose 0 = 2*i + 11*i - v. What is the remainder when i is divided by 21?
20
Suppose 4 - 52 = 4*f - y, -2*f = 2*y + 34. Let g = -11 - f. Suppose 2*i - 3*i = -5*b + 123, g*b - i = 51. What is the remainder when 47 is divided by b?
23
Calculate the remainder when 267 is divided by 3/4 - 4848/(-192).
7
Let h(s) = -63*s + 1560. What is the remainder when 319 is divided by h(21)?
82
Suppose -3*i = -2*i + 2*d - 94, 4*i = -2*d + 352. Calculate the remainder when 1367 is divided by i.
77
Suppose -2*s - 4*s + 30 = 0. Suppose s*i + 0*i + 4*w - 321 = 0, -102 = -2*i + 5*w. Suppose y - 61 = i. What is the remainder when y is divided by 31?
29
Let a = -89 + 43. Let g = -26 - a. Suppose 6*h - g = 274. Calculate the remainder when h is divided by 13.
10
Suppose 3*c = -y + 957 - 821, 3*y + 151 = 4*c. What is the remainder when 548 is divided by c?
32
Suppose 0*m - 130 = -10*m. Suppose 14 = 2*v + a, -10*a + m*a = 5*v - 57. Calculate the remainder when 466 is divided by v.
7
Suppose -60*a = 97*a - 9*a - 20572. Calculate the remainder when 238 is divided by a.
99
Let f(y) = -28*y - 106. Let q = -234 - -230. Calculate the remainder when 14 is divided by f(q).
2
Let y(h) = -8*h - 106. Let o be y(17). What is the remainder when (-44)/o - (-590)/22 is divided by ((-14)/4)/(2/(-4))?
6
Let y = -195 - -187. Let r(a) = 34*a + 340. What is the remainder when r(y) is divided by 26?
16
Let h(s) be the third derivative of s**5/60 + 7*s**4/24 + s**3/3 - 17*s**2. Suppose 2*p - 51 = -41. Calculate the remainder when h(-9) is divided by p.
0
Let n(f) = f**2 - 19*f + 8. Suppose -125 = -10*h + 75. Calculate the remainder when n(h) is divided by 12.
4
Let z(h) = 12*h + 33*h + 174 + 15. What is the remainder when 97 is divided by z(-4)?
7
Suppose 0 = -11*d + 413 + 148. Suppose -2*c + 0*c + 134 = 0. Let g = c - d. What is the remainder when g is divided by 6?
4
Calculate the remainder when 90/4*(-4264052)/(-8385) is divided by 109.
106
What is the remainder when 567 is divided by (12*(-78)/32)/((-3)/28)?
21
Let l(g) = g**2 - 14*g - 4. Let q be l(18). Calculate the remainder when 17/q - (1 + 1974/(-8)) is divided by 25.
21
Suppose 38 = 63*i - 61*i. Let q = -4 + 5. Calculate the remainder when -1 + (115 - 2 - q) is divided by i.
16
Let x = 8471 - 8058. Calculate the remainder when x is divided by 4.
1
Suppose -3*w + 279 + 366 = 0. What is the remainder when w is divided by 46?
31
Suppose -156 + 436 = 5*u. Let b = u - 53. Suppose -m = -14 + b. Calculate the remainder when 41 is divided by m.
8
Let x be (4/(-8) - -1)*10. Suppose -20 = m + g - 2, -3*m + x*g - 70 = 0. Let u = m + 94. What is the remainder when u is divided by 15?
14
Suppose -136*x + 22*x = 71*x - 236800. Calculate the remainder when x is divided by 260.
240
Suppose 91 = 4*c - 37. Suppose -4*i = -3*a + 4*a - c, 0 = -5*a + 2*i + 116. What is the remainder when (8 - -3) + (-1330)/(-38) is divided by a?
22
Suppose -4*u = u - k - 7, 5 = 3*u - k. Suppose a = u + 4. What is the remainder when 48 is divided by a?
3
Let o = 42 - -6. Suppose 0*m - o = -4*m. Let f(u) = 2*u + 15. What is the remainder when m is divided by f(-4)?
5
Let t = 6382 + -6344. Suppose -s - 7 + 49 = -4*x, x + 104 = 3*s. Let c = 48 - s. What is the remainder when t is divided by c?
10
Suppose 381*u = 172*u - 294*u + 2674954. Calculate the remainder when u is divided by 17.
14
Let x(q) = q**2 + 99*q + 224. Let n(c) = -2*c - 11. What is the remainder when x(-99) is divided by n(-16)?
14
Let g = -1096 + 636. Calculate the remainder when g/(-23) + (2 - 2) is divided by 10.
0
Suppose -37 = -4*q + p, 32 = 3*q + p - 6*p. What is the remainder when ((33/(-4))/3)/(-105 + (-29330)/(-280)) is divided by q?
2
Suppose -7*r - 3*c = -3*r + 9, 4*r + 4 = -4*c. Calculate the remainder when 1 + 119 + 24/r is divided by 39.
38
Let x = -3088 + 3140. Calculate the remainder when 465 is divided by x.
49
Suppose 115 = 5*r - 0*r. What is the remainder when ((-204)/(-3))/(10*(-10)/(-100)) is divided by r?
22
Let n be 3879/6*(-16)/(-24). Suppose 4*x = j + 2178, -x + n = -j - 112. What is the remainder when x is divided by 13?
12
Suppose 35*r + 26 = 391 + 335. Suppose 0*m + 266 = 5*m - 2*z, 224 = 4*m + 4*z. Calculate the remainder when m is divided by r.
14
Let d(y) = -142*y**3 + y**2 - y - 1. Let r be d(-1). Let i = r + -34. Let q = -816 + 838. What is the remainder when i is divided by q?
21
Suppose -141*s + 2563 - 59 = -133*s. Calculate the remainder when s is divided by 27.
16
Suppose 0 = -3*t - 5*p + 840, 3*t + 5*p = 6*t - 870. Calculate the remainder when 834 is divided by t.
264
Let n(x) = 8*x**2 - 40*x. Let c be n(5). Suppose c = 2*i + 16 - 32. Calculate the remainder when 119 is divided by i.
7
Suppose -3*k + 508 = 2*i, -382*k + 381*k - 5*i + 178 = 0. What is the remainder when k is divided by 22?
14
Let s(m) = -3*m - 12. Let j be s(-4). Suppose j = 14*x - 17*x + 12. Suppose -2*w = -x - 74. What is the remainder when 154 is divided by w?
37
Let y(c) = -c**2 - 10*c + 2. Let m be y(0). Suppose -m*u = 2*d - 26, -17 = u + 24*d - 29*d. What is the remainder when 295 is divided by u?
7
Suppose 4*l - q = -4, 2*l + 2*q + 16 = -q. Let a be (3/1)/(9/(-12)*l). Suppose 0 = 2*f + 5*x - 58, a*x + 1 = 5. Calculate the remainder when 47 is divided by f.
23
Suppose 2*k = 5*d + 44608, k = -2*d + 12701 + 9594. Calculate the remainder when k is divided by 126.
123
What is the remainder when (-1 - -27)/(((-6)/28)/((-27)/36)) is divided by 33?
25
Let q(u) = u**2 - 3*u + 11. Let p(k) = 48*k**2 + 329*k - 6. Calculate the remainder when q(-7) is divided by p(-7).
38
Let u = -242 + 249. Suppose 4*g + 29 = 3*t + 2*t, 0 = -4*t + 3*g + 23. Suppose 10 = -t*j, -2*j + j + u = v. Calculate the remainder when v is divided by 3.
0
Suppose -32*o + 52 = -28*o. Suppose 84 = 4*t + 4*c, t - 3*c - 4 = o. Let m(j) = j**2 + 2*j + 7. Calculate the remainder when t is divided by m(-2).
6
Suppose 5*g - 17 = -3*s, -5*s - 19 = 3*g - 74. Suppose -3 + 34 = u. Calculate the remainder when u is divided by s.
3
Suppose 3*l + 14 = -5*n, -2*n + 0*n - 10 = -l. Let s(z) = -z**3 - 3*z**2 + z - 7. Let i(u) = 12*u**2 + 1. Calculate the remainder when i(1) is divided by s(n).
3
Suppose 0 = -s + 190 - 59. Let y = s + -74. What is the remainder when 168 is divided by y?
54
Let v = 123 + -125. What is the remainder when 40 is divided by 1/(v/(-8)) - -25?
11
Let l(c) = c**2 + 2*c - 12. What is the remainder when (2 - (-462)/(-49))/(10/(-175)) is divided by l(-7)?
15
Suppose 6*x - 349 = -337. Suppose -3*n = -3*r - 180, 303 = 7*n - x*n - 4*r. What is the remainder when 184 is divided by n?
58
Let x(i) = -i**2 - 9*i - 33. Let p(y) = y - 2. Let s(z) = p(z) - x(z). Calculate the remainder when 86 is divided by s(-8).
11
Suppose -28*x + 16 = -36*x. Calculate the remainder when (-25)/(x/(-1) + (-5 - -2)) is divided by 11.
3
Let b(z) = 2*z - 6. Let j be b(5). Suppose -j*c + 18 = 10. Suppose 27 = c*a - 29. What is the remainder when a is divided by 8?
4
Suppose 3*s - 9 = 3*t, 10*s - 5*s = -4*t + 15. Let d = s + 31. What is the remainder when d is divided by 13?
8
Suppose 30*y - 57238 = 507692. Calculate the remainder when y is divided by 16.
15
Let i(u) = u**3 + 86*u**2 + 476*u - 188. Calculate the remainder when 17158 is divided by i(-80).
130
Suppose 11*f = -2*r + 14*f + 1715, 0 = 3*f + 21. What is the remainder when 855 is divided by r?
8
Let o(p) = p**2 - 201*p + 6965. What is the remainder when 966 is divided by o(44)?
54
Suppose -18 - 2 = 4*d, -2*t = 2*d - 408. Calculate the remainder when t is divided by 109.
100
Let s(r) = r**3 + 9*r**2 - 8*r + 5. Let c be s(-6). Suppose c = 8*i - 183. Suppose -46 = i*d - 45*d. Calculate the remainder when d is divided by 13.
10
Suppose 0 = -14